- -3?
-101
In base 3, what is 12 - -1010200?
1010212
In base 7, what is 1 - 1602?
-1601
In base 13, what is -1 - -1168?
1167
In base 5, what is 11041 - 1?
11040
In base 4, what is 11 - 132002?
-131331
In base 6, what is -1 - 2342?
-2343
In base 4, what is 23 - -3?
32
In base 11, what is 2 + -7?
-5
In base 7, what is -344 + -2?
-346
In base 14, what is 5 - -2b8?
2bd
In base 14, what is 66 - 1?
65
In base 7, what is -1 + -51?
-52
In base 4, what is -201222 + 2?
-201220
In base 2, what is 100 - -11010001011?
11010001111
In base 13, what is -a7 + 4?
-a3
In base 16, what is -41a - 4?
-41e
In base 6, what is 2115 + 25?
2144
In base 9, what is 18 - 710?
-681
In base 2, what is -10011 + 101?
-1110
In base 11, what is 3 + 174?
177
In base 9, what is 24 + 13?
37
In base 8, what is 24 + -1?
23
In base 12, what is 61 + 5?
66
In base 13, what is 37 - -19?
53
In base 15, what is 16 - -7?
1d
In base 13, what is -5 + -12?
-17
In base 15, what is 768 - 4?
764
In base 7, what is 1355 + -3?
1352
In base 14, what is -4 + 22?
1c
In base 11, what is -3 - -a?
7
In base 10, what is 93 - 3?
90
In base 10, what is -201 + 124?
-77
In base 10, what is 19 - -2?
21
In base 14, what is -39d - 9?
-3a8
In base 2, what is -11 + 111100101?
111100010
In base 13, what is -2 - -1890?
188b
In base 16, what is -89 + 5?
-84
In base 13, what is 7cc - -3?
802
In base 5, what is 101 - -2?
103
In base 5, what is -1 - 3110?
-3111
In base 14, what is -78b7 - -2?
-78b5
In base 6, what is -3115 + 0?
-3115
In base 15, what is 1b4 + -5?
1ae
In base 7, what is -3 + -2365?
-2401
In base 4, what is 3 - -32331?
33000
In base 15, what is -5 - 25b?
-261
In base 14, what is 4 - 344c?
-3448
In base 13, what is -4 + -a1?
-a5
In base 8, what is 56 + -142?
-64
In base 2, what is 1100 - -10000010?
10001110
In base 2, what is -101 - 101111001?
-101111110
In base 7, what is -6 - 10?
-16
In base 12, what is 10 - 2?
a
In base 15, what is -3 + -b8?
-bb
In base 2, what is 110000011000 - 11?
110000010101
In base 12, what is -12 + -7a?
-90
In base 4, what is -11 - -332?
321
In base 12, what is -4 + 2a3?
29b
In base 7, what is -4 + 235?
231
In base 2, what is -101 + 1100100?
1011111
In base 6, what is -103 - -4?
-55
In base 6, what is -2 + -2002?
-2004
In base 2, what is -1000 + 11?
-101
In base 16, what is b - 3?
8
In base 6, what is 4 + -111?
-103
In base 2, what is -11 - -10100001?
10011110
In base 3, what is -121 + 210?
12
In base 6, what is -24 + -434?
-502
In base 4, what is 1300 + -30?
1210
In base 16, what is -14e + 5?
-149
In base 11, what is 98 + -20?
78
In base 16, what is -94 + -2?
-96
In base 7, what is 23 - -235?
261
In base 13, what is 3 + 474?
477
In base 8, what is 5 - -1067?
1074
In base 8, what is -73 - -5?
-66
In base 13, what is -5 + -19?
-21
In base 7, what is -40 - 3?
-43
In base 6, what is -5153 - -15?
-5134
In base 9, what is -7 - -3?
-4
In base 16, what is 1 + c1?
c2
In base 5, what is 14 + -1230?
-1211
In base 12, what is -b + 19?
a
In base 15, what is -2119 - -1?
-2118
In base 15, what is -3 - 5c?
-60
In base 4, what is 2 + -111222?
-111220
In base 8, what is -264 - 0?
-264
In base 13, what is 1823 - -1?
1824
In base 12, what is -7 + a5?
9a
In base 9, what is 5 - 130?
-124
In base 6, what is 115 + 3?
122
In base 16, what is -356 - -4?
-352
In base 7, what is 10 + 31?
41
In base 5, what is 201 - -313?
1014
In base 14, what is -2 + 996?
994
In base 6, what is 153133 - -1?
153134
In base 4, what is -1003 + -3?
-1012
In base 15, what is 0 + 12?
12
In base 11, what is -7 - 1409?
-1415
In base 12, what is -14 - -a?
-6
In base 9, what is 1886 + 2?
1888
In base 12, what is 1 + a84?
a85
In base 15, what is -4 + 2a5?
2a1
In base 10, what is -2 - 1802?
-1804
In base 12, what is 38 + 5?
41
In base 13, what is 49 + -17?
32
In base 8, what is 312 - -17?
331
In base 2, what is 1 + -1011111101?
-1011111100
In base 15, what is 132 - -2?
134
In base 8, what is 5 + -571?
-564
In base 14, what is -1866 - 2?
-1868
In base 2, what is -10 + 1110101?
1110011
In base 15, what is -19 + -1ae?
-1c8
In base 5, what is 4 + 420?
424
In base 8, what is -105 + -12?
-117
In base 12, what is -1 - -4422?
4421
In base 16, what is 1 + -402?
-401
In base 8, what is 5 + -235?
-230
In base 10, what is -3 - 4856?
-4859
In base 13, what is -188 - 2?
-18a
In base 10, what is 1043 + 3?
1046
In base 3, what is 12100201 + 12?
12100220
In base 10, what is 9 - -79?
88
In base 16, what is 1 - 24?
-23
In base 4, what is -21 - 13112?
-13133
In base 4, what is -110 + -2?
-112
In base 16, what is 3 - -2ec?
2ef
In base 15, what is -5 - 26da?
-26e0
In base 13, what is -c + 5b?
4c
In base 11, what is -50 - 4?
-54
In base 4, what is -1 - 23022?
-23023
In base 12, what is -31 + 14?
-19
In base 12, what is -a1 + 3?
-9a
In base 7, what is -3 - -11?
5
In base 14, what is -38b - 5?
-392
In base 6, what is -4 - -331?
323
In base 15, what is 3 - -c0b?
c0e
In base 9, what is -21682 - -2?
-21680
In base 6, what is -10421 + -2?
-10423
In base 7, what is 64 + -2?
62
In base 14, what is -3 + 3?
0
In base 11, what is 23 + 3?
26
In base 4, what is 122021 - 10?
122011
In base 10, what is 3 - 33?
-30
In base 3, what is -122011 - 2?
-122020
In base 6, what is -33 + 3?
-30
In base 11, what is -2 + 14?
12
In base 4, what is 12230 - 32?
12132
In base 11, what is 4 - -524?
528
In base 14, what is 0 - 62?
-62
In base 11, what is 583 - 7?
577
In base 14, what is d + -53?
-44
In base 5, what is -1222420 - -1?
-1222414
In base 15, what is -4 - -96?
92
In base 7, what is 0 + 416?
416
In base 3, what is 10 + 1000?
1010
In base 7, what is 21 + 21?
42
In base 12, what is 439 - 3?
436
In base 4, what is 1 - -130002?
130003
In base 16, what is -6a + -1?
-6b
In base 14, what is -2 - -1228?
1226
In base 16, what is -32f - 2?
-331
In base 14, what is -c + -45?
-53
In base 11, what is 14445 - -5?
1444a
In base 14, what is -245 + -c?
-253
In base 16, what is -d7 - 3?
-da
In base 5, what is 32 - 14?
13
In base 9, what is 80 - -1?
81
In base 8, what is -360 - -5?
-353
In base 3, what is 21 - -12?
110
In base 5, what is 4 + 4234?
4243
In base 6, what is 0 + -111?
-111
In base 15, what is 6b - a?
61
In base 12, what is 595 + -7?
58a
In base 14, what is a - 144?
-138
In base 16, what is -6d6 - 5?
-6db
In base 5, what is -142 - 1131?
-1323
In base 7, what is 1 + 1625?
1626
In base 4, what is -10 - 102302?
-102312
In base 11, what is 32a31 - -4?
32a35
In base 14, what is -14b + -5?
-152
In base 14, what is 4232 + -5?
422b
In base 3, what is 112 + -12?
100
In base 11, what is 21 + -8?
14
In base 12, what is -140 + -5?
-145
In base 9, what is -238 - 5?
-244
In base 7, what is -5 + -1205?
-1213
In base 5, what is -111 + 13?
-43
In base 2, what is -1001001 - -101?
-1000100
In base 2, what is -1110 - 100?
-10010
In base 3, what is 2 - -11102?
11111
In base 13, what is 295 - -5?
29a
In base 8, what is 165 - -12?
177
In base 9, what is -41660 + -4?
-41664
In base 16, what is -5 - -a2?
9d
In base 4, what is 3 + 1101?
1110
In base 13, what is 3 - 220?
-21a
In base 15, what is -45e8 - -3?
-45e5
In base 15, what is 37 + -4?
33
In base 5, what is 43 - 221?
-123
In base 12, what is -2 + b74?
b72
In base 2, what is 1001011011 - 100010?
1000111001
In base 6, what is 124 + -22?
102
In base 3, what is -200212 + -12?
-201001
In base 9, what is -12 - -5?
-6
In base 7, what is -1 - -132?
131
In base 4, what is 1 - 212?
-211
In base 7, what is 4 + -10152?
-10145
In base 5, what is 113 + 10?
123
In base 7, what is 423 + 1?
424
In base 10, what is -22297 - 1?
-22298
In base 3, what is 10101 - 1021?
2010
In base 7, what is 436 - 13?
423
In base 14, what is 16 + -7?
d
In base 8, what is -3 + -206?
-211
In base 15, what is 8 - 190?
-187
In base 7, what is 2524 - -1?
2525
In base 12, what is 24a - -5?
253
In base 14, what is -3c - -10?
-2c
In base 10, what is 15522 - -3?
15525
In base 2, what is -1011110 + 0?
-1011110
In base 2, what is 1000110 + 1000100?
10001010
In base 15, what is 1 + 2de?
2e0
In base 4, what is -1321 - 113?
-2100
In base 3, what is 0 + 1110?
1110
In base 11, what is -9 + 4?
-5
In base 11, what is 2 - -5?
7
In base 16, what is -4 - -148?
144
In base 7, what is -2 + -554?
-556
In base 3, what is 11220 + 121?
12111
In base 7, what is -5 - -1054?
1046
In base 12, what is 6 - 232?
-228
In ba